ppose 2*p - 12 - 17 = -f*g, -4*p + 4*g = -68. Is 4 a factor of p?
True
Suppose -10*j + 15*j = 40. Does 29 divide 258*(2 - -1)/(36/j)?
False
Let i(z) = 5*z**3 + 7*z**2 + 6*z + 5. Let c(x) = 11*x**3 + 15*x**2 + 12*x + 10. Let a(m) = 4*c(m) - 9*i(m). Is a(-2) even?
False
Let g = 23 - 31. Let w(x) = -x**3 - 8*x**2 - x - 4. Let b be w(g). Suppose b*u + u - 2*f = 245, 2*f + 151 = 3*u. Does 10 divide u?
False
Suppose 0 = 6*t + 15 - 21. Suppose 0*j + 60 = 4*k - 4*j, -3*k = -2*j - 48. Let a = k - t. Does 17 divide a?
True
Let w be 6 + -3 - (-160 - 6). Suppose 0 = -14*m + w - 1. Does 4 divide m?
True
Let m(v) = -270*v + 22. Let k be m(-3). Suppose -5*d = -13 - k. Does 38 divide d?
False
Let n be -12 + 2/(1/(-1)). Let y = -16 - n. Is y - (3 - 2) - -27 a multiple of 24?
True
Let m = 40 - 1. Suppose -o - 5*c + m = 0, 83 = 2*o + 4*c + c. Does 22 divide o?
True
Is (-4 - -2)*(-4595)/10 a multiple of 27?
False
Let g(b) = 6*b + 33. Is g(9) even?
False
Let a(x) = x**2. Let r be a(3). Let c = 257 - 254. Suppose c = -d + r. Is 4 a factor of d?
False
Let p(q) = q - 4. Let j be p(7). Suppose 4 = -l, 2*z + 0*l - 512 = j*l. Suppose -4*v - v - 5*i + z = 0, 5*i - 50 = -v. Is v a multiple of 25?
True
Let y = 32 - 23. Let q(u) = 3*u + 3. Let j be q(y). Is j/((-4)/(-48)*9) a multiple of 11?
False
Let d = 164 - 108. Let o be (3 - (1 + 16))*1. Let a = o + d. Does 16 divide a?
False
Let p = 143 - -40. Does 61 divide p?
True
Suppose -7*n = -5*c - 8*n + 656, c + 5*n = 136. Does 58 divide c?
False
Let n = 167 + -123. Suppose 0 = -4*m + n + 60. Does 13 divide m?
True
Let w be -2*(2 + -2 - 1). Suppose -10 = 2*q + 4*l + 12, 0 = w*q + 5*l + 26. Let t = q - -11. Does 8 divide t?
True
Suppose 1144 = 13*f - 11544. Is 11 a factor of f?
False
Suppose 2*o - 12 = -2*o + p, 5*o - 40 = -5*p. Suppose -3*n + 10 = -o*n. Is 4 a factor of ((-8)/(-10))/((-1)/n)?
True
Does 117 divide 20/(-50) + (-11702)/(-5)?
True
Let j = 552 + -118. Is 31 a factor of j?
True
Let q(v) be the third derivative of -v**5/60 - v**4/12 + 5*v**3/6 - 2*v**2. Let d be q(0). Suppose 2*j - d*x - 85 = 0, -4*j + 3*j - 5*x = -65. Does 25 divide j?
True
Suppose 0*h - 3*u - 5 = 2*h, -5*h - 44 = -3*u. Let s(y) be the third derivative of -y**4/4 + 19*y**3/6 + 7*y**2. Is s(h) a multiple of 32?
False
Suppose 9*c - 4743 + 288 = 0. Does 14 divide c?
False
Let t(q) = -2*q**2 + 29*q + 69. Is 6 a factor of t(15)?
True
Let r(m) = m**2 - 4*m + 1. Let z be r(5). Is (-3)/((z/(-4))/1) - -82 a multiple of 42?
True
Let l be (8/10)/(4/10). Suppose 2*b - c = 25, l*b - c - 3*c - 34 = 0. Is b a multiple of 3?
False
Suppose -5*i = 5*k - 4*i + 196, -124 = 3*k - i. Let p = k - -87. Does 21 divide p?
False
Let x(l) = -10*l**2 + l. Let k be x(-1). Let t be 12 - k - 4*1. Suppose -f = -13 - t. Does 17 divide f?
False
Let z = -394 + 432. Does 3 divide z?
False
Suppose 2203 = w + 3*w + x, -3*w - 5*x + 1665 = 0. Is 11 a factor of w?
True
Suppose -j = 4*h + 27, 0*h - 29 = 2*j + 3*h. Let u = -6 + 10. Let t = u - j. Is t a multiple of 4?
False
Let a(d) be the first derivative of -39*d**2 - 6*d + 13. Is a(-2) a multiple of 30?
True
Let v = -41 + 30. Let r = v + 53. Let q = r - 6. Does 12 divide q?
True
Suppose -4*i - 1313 = -5*w, 0 = 3*w + 42*i - 44*i - 789. Is 27 a factor of w?
False
Let g(u) = -u**3 - 5*u**2 + 3*u - 11. Let t be g(-6). Does 30 divide (30/t)/((-5)/(-175))?
True
Let u be (-1 - 0)/(-1)*3. Let b = u + 17. Does 6 divide b?
False
Let p(m) = m**2 - 7*m + 7. Let i be p(7). Suppose 2*n - 12 = -2*n. Suppose -i = -n*q + 11. Is q a multiple of 4?
False
Let a be (-1)/((-16)/88 - 123/(-495)). Is -165*(6/a)/((-21)/(-35)) a multiple of 10?
True
Let y(i) = 4*i**2 + 3*i - 3. Let w be y(2). Let l = 16 - w. Is 4 a factor of (-7)/(-21) + (-35)/l?
True
Let v(a) = 2*a**2 - 2*a + 5. Let n be v(-8). Suppose -4*z + 826 = 4*i + 266, -4*z + n = i. Is i a multiple of 17?
False
Let t(j) = j**2 - 4*j. Let h be t(4). Suppose 3*g - 4*v - 19 = -h*g, v + 25 = 3*g. Suppose s + g - 54 = 0. Is 14 a factor of s?
False
Let b = -2014 + 3199. Suppose -7*l + b - 373 = 0. Does 29 divide l?
True
Let o(d) = -d. Let q be o(-3). Suppose 8 = -k + q*k. Suppose -k*j - 5*b + 112 = 0, -3*j + 4*b + 112 = j. Is 14 a factor of j?
True
Let r be 6/(-8)*24/(-9). Suppose 0 = 3*u - 34 - r. Is 4 a factor of u?
True
Let c = 59 - -1613. Is 88 a factor of c?
True
Suppose -29*q - 4 = -31*q. Suppose -5*j + 60 = 2*z - 7, j - 7 = -q*z. Is j a multiple of 3?
True
Let i(m) = m. Let t be i(0). Let q(v) be the first derivative of -v**4/4 - v**3/3 - v**2 + 3*v + 1. Is q(t) even?
False
Let w be (-2)/2 - 19/(-1). Let q be w/4*(-4)/(-6). Suppose q*b + 2*b - 505 = 0. Is b a multiple of 17?
False
Suppose 23*d - 28*d + 7307 = c, 0 = 3*d + 2*c - 4380. Does 30 divide d?
False
Let l(o) be the third derivative of 13*o**5/20 + o**4/8 - o**3/3 - 6*o**2. Does 37 divide l(-2)?
True
Let y(w) = -5*w + 14. Suppose -5*u - 24 = r - 3, -3*r + 1 = -u. Is y(u) a multiple of 16?
False
Let b(z) = -z**3 + 15*z**2 + 35*z + 26. Does 4 divide b(16)?
False
Suppose -18*k + 21*k + t = 2272, -20 = -5*t. Is 27 a factor of k?
True
Let u be 2/(-7) - (-95)/(-35). Is 35 - u - (-8)/(-2) a multiple of 17?
True
Suppose -5*t + 17 + 33 = 0. Let h(w) = -w**3 + 11*w**2 + 4*w + 10. Let d be h(t). Suppose 0 = -l + 4*l - d. Is l a multiple of 25?
True
Suppose -7 = d - 103. Is 8 a factor of d?
True
Let o(h) = -17 - 8*h + 2 + 2*h + 0*h. Let k be o(-9). Suppose -k + 12 = -3*s + 3*a, -4*a + 16 = 0. Is 6 a factor of s?
False
Suppose 13*s - 14*s = -61. Let m = s + -25. Is 12 a factor of m?
True
Let q = 80 + -80. Let h(g) = g + 27. Does 4 divide h(q)?
False
Suppose -46 = -3*l + 5*n, 5*l - 10 = -8*n + 3*n. Suppose 3*g - 4*z - 348 = 0, -2*g = g - 2*z - 342. Suppose 3*y = l*y - g. Is 8 a factor of y?
False
Let u be (21/(-2))/((42/180)/(-7)). Suppose 5*w - 535 = -5*t, -w = -3*t + 6*t - u. Does 19 divide t?
False
Suppose 4*h - 347 = -59. Suppose 6*a - 4*a = h. Let q = a - 14. Is q a multiple of 11?
True
Let f = -146 - -652. Is 22 a factor of f?
True
Let a be 282/9 + (-2)/6. Let f(q) = 2*q**2 - 5*q - 7. Let h be f(-2). Let m = a - h. Is m a multiple of 10?
True
Suppose 5*h - 6*h - 1 = 0. Let q(o) = -o**3 + 7*o**2 - 7*o + 5. Let r be q(6). Is 6 a factor of r - h - -3 - -3?
True
Suppose 7*o - 2236 - 3392 = 0. Does 6 divide o?
True
Is (-49130)/(-70) - (-2)/14*1 a multiple of 23?
False
Suppose -6 + 10 = 2*l. Is 20 a factor of 4 + 92 + (6 - l)?
True
Let k = -3 + 11. Let v(p) = p + 16. Is v(k) a multiple of 5?
False
Let m(n) = -4*n - 43. Let h be m(-11). Is 11 a factor of (h + 1)/(2/214) + -4?
False
Suppose w - 105 = 3*f, -4*f + 9*f + 15 = 0. Is w a multiple of 16?
True
Let v be 8 - 0/(-3 + -1). Suppose 6 - v = -2*y. Suppose -y = 4*d - 77. Is 3 a factor of d?
False
Let u = -8 + 13. Suppose u*d = 1 + 4. Suppose -7*b + 4*b - 15 = 0, -i = 5*b - d. Is i a multiple of 13?
True
Suppose 3*k - 2*k + 2*b = 4, -3*b + 26 = 4*k. Suppose -4*g = -k*g + 260. Is 13 a factor of g?
True
Let q = 79 + -151. Let o be q/(-45)*45/2. Suppose -b = t - o, -5*t - 18 = 3*b - 4*b. Is b a multiple of 9?
False
Let s(r) = -29*r + 487. Is s(8) a multiple of 3?
True
Suppose -102 = -6*d + 24. Suppose -128 = d*r - 23*r. Is 32 a factor of r?
True
Let j be 1565/(-35) + 2/(-7). Is 15 a factor of (-137)/(-9) + 10/j?
True
Let i(d) = -3*d - 1. Let c be 16/6 - 14/(-42). Suppose -c*w + u - 20 = 7, 9 = -w + u. Is 17 a factor of i(w)?
False
Let x(w) = -22*w**2 + 26*w - 40. Let d(j) = 7*j**2 - 9*j + 13. Let p(m) = -10*d(m) - 3*x(m). Let l be p(8). Let o = -116 - l. Is 23 a factor of o?
False
Suppose -12*q + 1380 = -2616. Does 30 divide q?
False
Suppose -2*s + 875 = 3*k + 2*k, k = 3. Suppose 2*n = n + 5*g + 109, -5*n + s = -2*g. Is n a multiple of 14?
True
Let w = -321 + 284. Let l be (98/(-8))/(1/(-4)). Let h = l + w. Does 3 divide h?
True
Suppose 0 = -8*g + 370 + 1558. Does 6 divide g?
False
Suppose 729 = 5*b + 5*l - 271, -1024 = -5*b + l. Let p = b + -115. Does 7 divide p?
False
Suppose -5*o + d = -383 - 520, -4*d = -4*o + 732. Is 8 a factor of o?
False
Let z be (-1 - 0)/((-7)/98). Suppose 13*b - z*b + 18 = 0. Let i = 30 - b. Is i a multiple of 3?
True
Let b(g) = -g**2 + 4*g - 4. Let k be b(6). Is 26 a factor of (-6 - (-135)/(-10))*k/3?
True
Let l(j) = 10*j**3 + 33*j**2 - 7*j + 4. Let s(u) = -7*u**3 - 22*u**2 + 5*u - 3. L